
311
What is -1211 (base 10) in base 9?
-1585
What is 483 (base 16) in base 10?
1155
What is -45761 (base 8) in base 5?
-1110231
What is -2020011 (base 3) in base 14?
-840
-1671 (base 8) to base 13
-584
-20201 (base 5) to base 6
-10005
-4b2e (base 16) to base 9
-28354
Convert 24 (base 9) to base 4.
112
What is -121223 (base 4) in base 14?
-855
-10033331 (base 4) to base 6
-212325
What is -1011202021 (base 3) in base 11?
-16432
What is -1010001011101110 (base 2) in base 10?
-41710
34011 (base 5) to base 2
100101001101
-3b92 (base 14) to base 13
-4a2c
Convert -7606 (base 8) to base 11.
-2a93
Convert 5c81 (base 14) to base 10.
16185
Convert 74c (base 16) to base 9.
2505
-22a (base 12) to base 6
-1254
What is 42e1 (base 15) in base 8?
33521
-2606 (base 7) to base 2
-1111011010
16504 (base 11) to base 8
55304
What is 1b0 (base 16) in base 8?
660
What is 374 (base 8) in base 5?
2002
What is -153466 (base 8) in base 3?
-2210120112
220 (base 6) to base 12
70
What is 1010010111 (base 2) in base 12?
473
Convert 4321 (base 8) to base 7.
6403
What is -100101101110101 (base 2) in base 16?
-4b75
What is 1221 (base 9) in base 14?
490
Convert 5b2 (base 16) to base 15.
673
2655 (base 10) to base 2
101001011111
Convert 10303 (base 4) to base 3.
102101
What is -17868 (base 12) in base 3?
-1201201122
132431 (base 6) to base 10
12259
Convert 3841 (base 9) to base 3.
10221101
Convert 407 (base 16) to base 13.
614
Convert 485 (base 10) to base 8.
745
497 (base 13) to base 16
320
Convert 264334 (base 7) to base 12.
24824
Convert 12151 (base 12) to base 4.
11331031
What is -324 (base 10) in base 15?
-169
What is -250 (base 8) in base 12?
-120
1000011011000 (base 2) to base 15
1427
-4542 (base 7) to base 6
-11343
-43477 (base 9) to base 4
-13002121
200 (base 8) to base 3
11202
-1000111101 (base 2) to base 16
-23d
What is 57872 (base 9) in base 12?
1a425
What is -600 (base 9) in base 4?
-13212
Convert 112230 (base 4) to base 8.
2654
Convert -12c8 (base 14) to base 15.
-eac
Convert -b011 (base 13) to base 6.
-303541
1441 (base 7) to base 10
568
Convert 90b (base 15) to base 3.
2210102
Convert -11569 (base 10) to base 7.
-45505
3141 (base 15) to base 14
3b19
What is -3761 (base 10) in base 3?
-12011022
Convert -10102 (base 4) to base 7.
-541
What is b90 (base 12) in base 13?
a02
1303241 (base 5) to base 13
b775
What is -314 (base 11) in base 4?
-11322
What is 122210 (base 3) in base 13?
2ac
Convert -464 (base 9) to base 4.
-11332
Convert -3379 (base 10) to base 13.
-16cc
2413141 (base 5) to base 3
2021110010
Convert 303146 (base 7) to base 15.
10408
102110 (base 3) to base 15
159
-2135 (base 10) to base 9
-2832
1166 (base 8) to base 11
523
Convert -11101010101 (base 2) to base 5.
-30002
What is -11110011010101 (base 2) in base 16?
-3cd5
Convert -32333 (base 5) to base 15.
-9cd
-2b14 (base 14) to base 2
-1110111101110
Convert 102021 (base 3) to base 10.
304
3493 (base 10) to base 16
da5
Convert 38088 (base 10) to base 7.
216021
Convert 1c1 (base 16) to base 4.
13001
What is -405 (base 9) in base 16?
-149
What is -a2 (base 16) in base 10?
-162
-e92b (base 16) to base 12
-2a663
What is 1a509 (base 13) in base 7?
302545
Convert -2160 (base 7) to base 15.
-36c
What is 10010210 (base 3) in base 6?
14333
-251 (base 6) to base 13
-7c
Convert -2103 (base 7) to base 9.
-1010
Convert 433 (base 6) to base 2.
10100101
1ba (base 13) to base 9
387
Convert -2002 (base 3) to base 9.
-62
What is -279 (base 14) in base 9?
-614
112 (base 4) to base 2
10110
What is -7683 (base 9) in base 10?
-5664
What is 11111110011001 (base 2) in base 4?
3332121
Convert 1010121 (base 3) to base 11.
691
Convert 20602 (base 7) to base 10.
5098
3876 (base 10) to base 16
f24
1411021 (base 5) to base 3
1110121212
Convert -101110001100 (base 2) to base 14.
-1112
Convert 11311 (base 5) to base 9.
1123
Convert -6388 (base 12) to base 15.
-336e
1210020012 (base 3) to base 7
204335
100100010011 (base 2) to base 14
bbd
-122022 (base 3) to base 11
-395
What is -2022001 (base 3) in base 4?
-122023
What is 23456 (base 10) in base 8?
55640
2a8 (base 13) to base 10
476
What is -310112 (base 4) in base 12?
-1b32
-3de9 (base 15) to base 3
-200012110
Convert -4063 (base 8) to base 12.
-126b
What is 11001001110 (base 2) in base 4?
121032
Convert 3122 (base 5) to base 12.
2a4
Convert -328b (base 12) to base 5.
-134304
What is dd2c (base 14) in base 6?
453044
-622 (base 10) to base 14
-326
Convert 110110101011100 (base 2) to base 8.
66534
Convert 30102100 (base 4) to base 10.
50320
What is 1104022 (base 5) in base 12?
b192
1010233 (base 4) to base 2
1000100101111
17d (base 16) to base 15
1a6
-2462 (base 12) to base 5
-112411
What is -4742 (base 10) in base 8?
-11206
Convert 1312b (base 12) to base 9.
38718
-2ae7 (base 16) to base 4
-2223213
-12345 (base 7) to base 6
-23043
-32ac (base 13) to base 4
-1232133
What is -53531 (base 9) in base 14?
-cca5
Convert 19683 (base 10) to base 6.
231043
What is 294c (base 13) in base 14?
2271
What is 2322 (base 5) in base 3?
110111
3323 (base 5) to base 8
717
-74 (base 10) to base 4
-1022
What is c0 (base 15) in base 4?
2310
Convert -1012121 (base 3) to base 10.
-880
-100011010011101 (base 2) to base 15
-5552
What is 32301 (base 8) in base 4?
3103001
13a8 (base 11) to base 6
12220
What is -83 (base 16) in base 5?
-1011
21300 (base 4) to base 3
212010
Convert -435 (base 7) to base 10.
-222
What is -1a3c (base 14) in base 13?
-2220
-21013023 (base 4) to base 14
-d85d
Convert -1e3 (base 16) to base 12.
-343
-1 (base 15) to base 6
-1
What is 1316 (base 8) in base 14?
394
Convert 201 (base 7) to base 10.
99
Convert -850 (base 11) to base 3.
-1101220
What is -1001000110010 (base 2) in base 13?
-2174
Convert -10000000 (base 3) to base 15.
-9ac
Convert 11101100 (base 2) to base 8.
354
81774 (base 9) to base 14
158a7
Convert -105 (base 16) to base 2.
-100000101
-3541 (base 8) to base 16
-761
Convert 12111 (base 3) to base 14.
a8
What is -4044 (base 13) in base 16?
-228c
Convert 30794 (base 12) to base 5.
4011303
Convert -23436 (base 7) to base 3.
-22022020
Convert -b06 (base 14) to base 11.
-1696
Convert 3230203 (base 4) to base 3.
202202201
Convert 130220 (base 4) to base 12.
1088
130323 (base 8) to base 11
31012
Convert 1261 (base 7) to base 14.
268
What is -1b74 (base 13) in base 11?
-3134
What is 5850 (base 12) in base 8?
23174
What is 411 (base 12) in base 6?
2421
What is -4034 (base 6) in base 11?
-736
What is 1bd (base 16) in base 6?
2021
Convert -2dd2 (base 14) to base 12.
-4910
Convert 1c8 (base 13) to base 11.
283
What is 149 (base 16) in base 7?
650
What is 35637 (base 9) in base 5?
1230343
Convert -60c (base 15) to base 11.
-1029
Convert -2e (base 15) to base 13.
-35
What is -2111212 (base 5) in base 4?
-20211232
-375 (base 8) to base 2
-11111101
112122 (base 3) to base 7
1103
What is -253 (base 14) in base 7?
-1233
-12000222 (base 3) to base 13
-1895
4d (base 15) to base 5
243
Convert b1b (base 13) to base 7.
5330
What is -10001001011011000 (base 2) in base 5?
-4222420
4575 (base 12) to base 3
101120222
5e8 (base 16) to base 13
8c4
Convert 7a5 (base 15) to base 4.
123002
What is -12202012 (base 3) in base 6?
-31222
Convert 1124 (base 7) to base 16.
19a
What is 19e (base 15) in base 3?
111212
What is 36346 (base 8) in base 12?
9032
5a56 (base 14) to base 16
3d8c
Convert 21120 (base 4) to base 3.
211020
Convert -1410 (base 8) to base 10.
-776
-3371 (base 10) to base 7
-12554
What is 888 (base 14) in base 4?
122120
-660 (base 7) to base 10
-336
1010 (base 2) to base 5
20
23450 (base 9) to base 3
210111200
What is 3991 (base 16) in base 4?
3212101
Convert 10402 (base 5) to base 8.
1327
Convert -15313 (base 6) to base 2.
-100110111101
What is -25332 (base 6) in base 9?
-5182
Convert -db (base 15) to base 5.
-1311
Convert 10010110101 (base 2) to base 14.
621
41626 (base 7) to base 3
112002001
Convert -5410 (base 10) to base 16.
-1522
Convert -2342 (base 6) to base 13.
-347
What is 5168 (base 9) in base 6?
25312
-726 (base 11) to base 7
-2360
Convert -196 (base 13) to base 3.
-101211
Convert 845 (base 9) to base 4.
22301
Convert -565 (base 9) to base 13.
-299
What is 6978 (base 12) in base 4?
2313230
What is 1045 (base 7) in base 14?
1cc
Convert -365 (base 15) to base 8.
-1402
Convert 2032 